ine n(v).
-3
Let h(v) = 5*v - 9. Let l(y) be the third derivative of y**4/3 - 13*y**3/6 + 8*y**2. Let r(s) = 7*h(s) - 5*l(s). Let c be -1 + 0 - (3 + -2). Determine r(c).
12
Let q(y) = -y**3 - 10*y**2 + 10*y - 7. Suppose 5*w = -3*g - 78 - 348, -300 = 2*g - 2*w. Let v be g/14 - (5/2 - 2). Calculate q(v).
4
Let h(a) = -19*a**3 + a**2 - 3*a + 1. Let w(y) = -y**2 + 5*y + 15. Let t be w(7). What is h(t)?
-20
Let q(a) = 3*a - 5. Suppose 3168 = -200*k + 191*k. Let u = 348 + k. What is q(u)?
-17
Let b(h) = h**2 - 13*h - 43. Let n = 9836 + -9823. Determine b(n).
-43
Let l(n) = -n + 8. Let f be l(8). Suppose f*c + 18 = 3*c. Let o(i) be the third derivative of i**6/120 - 2*i**5/15 + 5*i**4/12 - 7*i**3/6 + 16*i**2. Give o(c).
-19
Let s(m) = -2*m**2 + 7*m + 73. Let t(l) = 3*l**2 - 11*l - 110. Let o(f) = -8*s(f) - 5*t(f). Let y = 3047 + -3047. Calculate o(y).
-34
Let k be (-4)/(1/(1/(-1))). Let l(d) = -36*d**3 - 3*d**2 - 19*d + 7. Let z(u) = 22*u**3 + u**2 + 10*u - 3. Let c(p) = 3*l(p) + 5*z(p). Give c(k).
42
Let b(y) = y**3 + 13*y**2 - 14*y - 3. Suppose 8*u - 13*u = 2*n + 7, 32 = 5*n - 4*u. Suppose -5*z = 2*m + 53, z - 4*z + 41 = -n*m. Give b(m).
-3
Let p(i) be the first derivative of 0*i**3 + i + i**2 + 63 - 5/4*i**4. Calculate p(-1).
4
Suppose -12*f + 100 = -8*f. Suppose -7*c - f = 38. Let w(n) = n - 8. Give w(c).
-17
Let h(x) = -4*x - 5 + 5 - 10*x**2 - x**3 + 4*x**2 + 2. Let g be h(-5). Let r(q) = 4*q + 5*q**2 - 2*q - 6*q**2 + 2*q**2. Calculate r(g).
3
Let o(h) = -8*h - 6. Let p(n) be the second derivative of 7*n**3/6 + 5*n**2/2 - 24*n. Let a(y) = -4*o(y) - 5*p(y). Let w = -2 + 4. Give a(w).
-7
Suppose -3*v - 17 = -26. Let h(d) = d**2 - 2208*d**3 + 2207*d**v + 0*d - d - 9. Give h(0).
-9
Let p be 11/(165/(-54))*10/(-4). Let g(r) = 7*r - 11*r - p + 3*r. Calculate g(-16).
7
Let w(v) = -36*v + 178*v + 2*v**2 - 115*v - 29*v. Let y(u) = -2*u - 2*u + 3*u. Let s be y(-2). Give w(s).
4
Suppose -5*h + 40 = -3*h + 2*d, h = 5*d + 38. Suppose -h*m + 24*m = 2. Let s(b) = 0*b + 0 - 5*b - 1 - 7*b**m + 8*b**2. Calculate s(4).
-5
Let r(j) = j**3 - j**2 + 20. Let b be r(0). Suppose -7*g + b = -2*g. Let f(a) = a**2 + 5*a**3 - g*a**3 + 0*a**3 + 1 - a. What is f(-2)?
-1
Suppose 3*d = -2*j + 17, -3*j + 38 = -0*j + 2*d. Suppose -4 = 2*h - j. Let n(y) = -19*y - 7*y**2 - 5 + 9*y + 9*y - 8*y**2 + 24*y**2 + y**3 - 15*y**2. Give n(h).
-11
Let s(h) = h + 5. Let w = -31 - -38. Suppose -9 - w = -4*v. Suppose -2*c = 8, 5*c + v = 3*y + c. Calculate s(y).
1
Let u(p) = 49*p**2 - 11*p + 18. Let x(m) = -17*m**2 - m + 1. Let s(c) = u(c) + 3*x(c). Calculate s(-8).
5
Let f(v) = -14*v + v**3 + 74*v - 11*v - 13*v - 2 + 11*v**2 - 12*v. Determine f(-8).
-2
Let x(u) be the first derivative of -3*u**2/2 + 3*u - 2320. Suppose 0*f + 5*p = 3*f + 43, -3*p + 21 = -f. Calculate x(f).
21
Let n(x) = -5*x**2 + 28*x**2 + x**3 - 19*x**2 + 3*x. Let v be n(0). Let u(s) be the third derivative of -s**5/60 + s**4/24 - 7*s**3/6 - 2*s**2. Give u(v).
-7
Let b(j) = -j - 16. Let x = 604 + -654. Let l be (x + 46)/((-2)/(-4)). Calculate b(l).
-8
Let w(p) be the third derivative of p**6/120 - 11*p**5/60 - 5*p**4/8 + 13*p**3/2 - 613*p**2. Determine w(12).
3
Suppose -5*t + 49 = -k, t - 180 = 5*k - 79. Let h(l) = -l**3 - 19*l**2 + 13. Calculate h(k).
13
Let z be (-52)/(-6) + 126/(-27). Let i(g) = g - 9. Let d(a) = -4 - 4 + 2 + a - 3. Let o(m) = -3*d(m) + 2*i(m). What is o(z)?
5
Let b(i) = 68*i + 606. Let t be b(-9). Let a(o) = -o**3 - 7*o**2 - 18*o - 79. Give a(t).
-7
Let w(j) = -1 - 1 - 2*j + 3 + 0*j. Suppose -290*q + 2*v - 16 = -287*q, 5*q + 4*v = -12. Determine w(q).
9
Suppose 16*c = -2*u + 14*c + 4, 5*c = u - 14. Suppose u*m = -5*z - 29, -4*z - 20 = 5*m + 5. Let v(q) = 2*q + 10. Give v(z).
0
Let t(i) be the third derivative of -i**4/4 + 13*i**3/2 - 376*i**2 - 3*i. What is t(7)?
-3
Let t(l) = -l**2 - 17*l - 2. Let w(o) = -4*o**2 - 69*o - 7. Let k(b) = 9*t(b) - 2*w(b). Calculate k(-15).
-4
Let v(s) = -40*s - 168. Suppose -g - 5*o + 21 = 0, 0 = -7*g + 11*g - o + 21. Let r be v(g). Let p(n) = -n**3 - 7*n**2 + 7*n + 9. What is p(r)?
17
Let z(r) = -r**3 + 5*r**2 - r - 4. Suppose -26 = -10*m - 256. Suppose 0 = 3*h - 5*h + 54. Let i = h + m. Determine z(i).
8
Let b(j) = -j**3 + 34*j**2 - 290*j - 1. Let h be b(18). Let q(u) = -u**3 - 38*u**2 - 36*u - 13. Determine q(h).
-50
Let q(c) be the first derivative of c**4/4 + c**3 - 3*c**2 - 9*c - 579. What is q(-4)?
-1
Let u = 14 + -20. Let b(n) = -7*n**2 + 9*n + 2. Let z(g) = 2 + 2*g**2 - 9*g**2 + 8*g + g**2. Let d(j) = u*z(j) + 5*b(j). Determine d(5).
8
Let y(u) = -u**3 - 7*u**2 - 10*u - 7. Suppose -41*k = -52*k. Let d be (k/(-2))/(-4) + -10 + 4. Calculate y(d).
17
Let g(r) be the first derivative of -2*r**3/3 + 25*r**2/2 + 16*r + 6109. Determine g(13).
3
Let i(u) = -u**3 - 5*u**2 + 3*u + 15. Suppose -165 = 2*v - 155. What is i(v)?
0
Let c(l) = 7*l + 648 + 855 - 1491. Determine c(-6).
-30
Let f(h) = -22*h - 66. Let z be f(-3). Suppose z = -7*n - 73 + 66. Let a(x) = 34*x**3 + x**2 + x. Give a(n).
-34
Let a(s) = 49*s + 109. Let o be (143/(-429))/(5 - 5 - 2/(-12)). Give a(o).
11
Suppose 5*r = 50, 2*d - 1669*r + 1673*r = 70. Let m(c) be the first derivative of 3*c**2/2 - 40*c + 1. Calculate m(d).
5
Let b(v) = v - 3. Let n be b(-17). Let q(k) = -k**2 - 20*k. Let i be q(n). Let y(x) = -24 + 6*x - 3*x - 2*x. Determine y(i).
-24
Let j(z) = 6*z - 8. Suppose 2*c + 6 = 10. Let o(l) = -8*l + 6. Let b(w) = c*o(w) + 3*j(w). What is b(10)?
8
Suppose -g + 6 = 5*g. Suppose c - g = w, -4*w - c + 4 = -2*w. Let j(x) = -2*x**2 - 22*x + 4*x**3 + 22*x + w + x**2. Give j(-1).
-4
Let l = 0 + 2. Suppose -m + 141 = l*m. Let v = -37 + m. Let c(x) = x - 17. Calculate c(v).
-7
Let y(d) = -2*d + 6. Let l = -67 + 72. Suppose -l*v - 4*h - 164 = -0*h, -4*v = 2*h + 136. Let i = v - -42. Give y(i).
-6
Let h(v) = -v**2 - 12*v - 14. Let f(o) = -o**2 + 11*o - 53. Let l(s) = s**2 - 10*s + 52. Let i(d) = -7*f(d) - 6*l(d). Let u be i(6). Determine h(u).
21
Let f(d) = -3*d - 4. Suppose -46 = -w + 4*m - 2*m, 5*w + 4*m - 300 = 0. Let q(a) = -21*a - 434. Let y be q(-21). Let z be (-33)/(-8) - y/w. Calculate f(z).
-16
Let x(d) be the third derivative of d**4/12 + d**3/3 + 2*d**2. Suppose -153 = -2*z - 5*u, 2*u = 5*z + 7*u - 345. Suppose -7*v + z = 9*v. Give x(v).
10
Let q(r) = -r. Let v be (-290)/(-4) + (12 - 275/22). Let n = -72 + v. Calculate q(n).
0
Let z(n) = -3*n**2 - 33*n + 6. Suppose 21*i - 25*i + 57 = -3*t, -34 = 2*t - 2*i. What is z(t)?
6
Let p = -173 - -190. Suppose 0 = -p*g + 34 - 17. Let m(h) = 8*h**2 + 3 - 2 + 6*h**2. Calculate m(g).
15
Suppose c - 5 - 28 = d, -3*c - 165 = 5*d. Let t be (-18)/14 + d/7 + 5. Let s(n) = 11*n. Give s(t).
-11
Suppose 42 = 51*g - 6*g + 132. Let z(m) = -12*m - 33. What is z(g)?
-9
Let b(q) = q**2 + 2*q + 1. Suppose 15 = 3*g, -g = -x + g + 92. Let m be x/(-30) - (48/(-20) + 3). Calculate b(m).
9
Let g(b) be the first derivative of 165 + 1/3*b**3 + 7*b - 11/2*b**2. What is g(11)?
7
Let d(x) be the second derivative of -x**6/180 + x**5/120 - x**4/24 - x**3/3 - x**2 - 4*x. Let r(p) be the second derivative of d(p). What is r(3)?
-16
Let r(i) = -i**3 - 2*i**2 + 3*i + 12. Let x be r(-4). Let k(y) = x + 24 + y**2 + 21 - 62 + 14*y. What is k(-13)?
2
Let q = -351 + 353. Let o(z) = -23*z + 0 - z**3 - z**2 + 9 + 19*z - 4*z**q - 2. What is o(-5)?
27
Suppose -6*o = -515 + 149. Suppose 2*w + o - 47 = 0. Let k(z) = 4*z + 19. What is k(w)?
-9
Suppose -3*f = -4 - 8. Suppose -k + 77 + 122 = -f*o, 5*o - 4*k + 257 = 0. Let n = o + 48. Let w(z) = -2*z**2 - z - 1. Give w(n).
-2
Suppose 2*a = -a - 9. Let x be (-6 - (-4)/2)/(15/(-60)). Let s(c) = 5*c + 3*c + 7*c - x*c. Determine s(a).
3
Let a(q) = 4*q + 13. Let d(z) be the third derivative of -z**4/3 - 13*z**3/3 + 48*z**2. Let s(o) = -5*a(o) - 3*d(o). Calculate s(-9).
-23
Suppose -3*n = -n - 108. Let q(c) = -3*c + 3*c - 52*c**2 + n*c**2. Let x = -138 + 139. Give q(x).
2
Let u = 8 - 6. Let z(c) be the first derivative of -2 + 1/2*c**2 + 2*c - 1/3*c**3. What is z(u)?
0
Let f(v) = 2*v + 15. Let i be f(-6). Let g(b) = -157*b**2 + b**3 + 3 - 3*b + 154*b**2 - i*b. What is g(5)?
23
Let z(h) = -h**2 - 3*h. Let a(w) = -3*w**2 + 28*w + 39. Let j be a(10). Suppose 4*o - j = f, 2*f + 6*o = o + 14. What is z(f)?
0
Let u(t) = t**2 + 3*t - 378. Let f be u(18). Let y(z) = z**2